ctors of 5009611?
17, 103, 2861
What are the prime factors of 15228?
2, 3, 47
List the prime factors of 188171.
188171
List the prime factors of 5473041.
3, 7, 79, 3299
List the prime factors of 38411325.
3, 5, 31, 5507
List the prime factors of 125415.
3, 5, 929
List the prime factors of 702566.
2, 89, 3947
What are the prime factors of 90565?
5, 59, 307
List the prime factors of 2059145.
5, 11, 29, 1291
List the prime factors of 1070165.
5, 214033
What are the prime factors of 153043?
11, 13913
What are the prime factors of 3968834?
2, 19, 23, 239
What are the prime factors of 14626717?
7, 127, 16453
List the prime factors of 22748244.
2, 3, 17, 19, 5869
List the prime factors of 869512.
2, 7, 15527
List the prime factors of 1872254.
2, 936127
List the prime factors of 702143.
13, 54011
List the prime factors of 603923.
603923
What are the prime factors of 3103321?
13, 23, 97, 107
What are the prime factors of 44077?
11, 4007
List the prime factors of 1766610.
2, 3, 5, 727
What are the prime factors of 5518413?
3, 23, 53, 503
What are the prime factors of 480167?
480167
What are the prime factors of 592336?
2, 37021
List the prime factors of 967860.
2, 3, 5, 19, 283
List the prime factors of 2503101.
3, 834367
What are the prime factors of 583673?
583673
List the prime factors of 316551.
3, 105517
What are the prime factors of 170467?
11, 15497
What are the prime factors of 331605?
3, 5, 7369
What are the prime factors of 206900?
2, 5, 2069
List the prime factors of 658747.
41, 16067
List the prime factors of 610674.
2, 3, 17, 5987
What are the prime factors of 7619260?
2, 5, 11, 59, 587
What are the prime factors of 784471?
784471
List the prime factors of 7634665.
5, 1526933
List the prime factors of 52617.
3, 17539
List the prime factors of 60550.
2, 5, 7, 173
What are the prime factors of 3720307?
491, 7577
List the prime factors of 753175.
5, 47, 641
What are the prime factors of 7507541?
653, 11497
List the prime factors of 223042.
2, 111521
What are the prime factors of 3242237?
3242237
List the prime factors of 4232965.
5, 11, 76963
What are the prime factors of 262476?
2, 3, 23, 317
List the prime factors of 8764.
2, 7, 313
What are the prime factors of 407461?
331, 1231
What are the prime factors of 1676794?
2, 7, 119771
What are the prime factors of 253589?
7, 17, 2131
List the prime factors of 1603894.
2, 801947
List the prime factors of 1011437.
7, 31, 59, 79
List the prime factors of 738896.
2, 46181
List the prime factors of 281897.
7, 11, 523
List the prime factors of 39561892.
2, 43, 67, 3433
List the prime factors of 11897842.
2, 11, 43, 12577
List the prime factors of 3854633.
31, 124343
What are the prime factors of 7199505?
3, 5, 139, 1151
List the prime factors of 311474.
2, 17, 9161
What are the prime factors of 51772?
2, 7, 43
What are the prime factors of 11361733?
47, 241739
What are the prime factors of 363237?
3, 7, 353
What are the prime factors of 261490?
2, 5, 79, 331
List the prime factors of 3960702.
2, 3, 19, 37, 313
List the prime factors of 38781.
3, 31, 139
What are the prime factors of 389682?
2, 3, 21649
List the prime factors of 355639.
71, 5009
List the prime factors of 985092.
2, 3, 103, 797
List the prime factors of 3987722.
2, 1993861
What are the prime factors of 330132?
2, 3, 11, 41, 61
What are the prime factors of 13881912?
2, 3, 11, 52583
What are the prime factors of 341876?
2, 85469
List the prime factors of 2397486.
2, 3, 7, 13, 4391
What are the prime factors of 1493214?
2, 3, 248869
List the prime factors of 611565.
3, 5, 40771
What are the prime factors of 674271?
3, 13, 17, 113
List the prime factors of 4704614.
2, 17, 138371
What are the prime factors of 2617638?
2, 3, 436273
What are the prime factors of 516835?
5, 11, 9397
List the prime factors of 928878.
2, 3, 23, 53, 127
List the prime factors of 1486168.
2, 23, 41, 197
List the prime factors of 354049.
487, 727
List the prime factors of 777833.
7, 111119
List the prime factors of 11066931.
3, 227, 5417
List the prime factors of 1102846.
2, 551423
What are the prime factors of 255972?
2, 3, 83, 257
List the prime factors of 9491426.
2, 7, 677959
What are the prime factors of 376943?
7, 53849
What are the prime factors of 2394056?
2, 7, 42751
List the prime factors of 142452.
2, 3, 1319
List the prime factors of 848354.
2, 13, 67, 487
List the prime factors of 10389873.
3, 13, 17, 15671
What are the prime factors of 13299009?
3, 1229, 3607
What are the prime factors of 441850?
2, 5, 8837
List the prime factors of 220030.
2, 5, 22003
What are the prime factors of 16599540?
2, 3, 5, 19, 14561
List the prime factors of 23962696.
2, 41, 43, 1699
List the prime factors of 1622292.
2, 3, 7, 31, 89
What are the prime factors of 4153003?
29, 71, 2017
List the prime factors of 145554.
2, 3, 17, 1427
List the prime factors of 13919876.
2, 23, 151303
What are the prime factors of 1413834?
2, 3, 67, 3517
List the prime factors of 10331546.
2, 17, 277, 1097
List the prime factors of 1385308.
2, 41, 8447
What are the prime factors of 8313023?
137, 60679
What are the prime factors of 503011?
677, 743
What are the prime factors of 1071131?
1071131
What are the prime factors of 4776099?
3, 17, 71, 1319
List the prime factors of 14494983.
3, 29, 166609
List the prime factors of 29296.
2, 1831
What are the prime factors of 14464317?
3, 7, 688777
List the prime factors of 6053558.
2, 7, 223, 277
List the prime factors of 128847.
3, 29, 1481
List the prime factors of 11661307.
7, 19, 87679
List the prime factors of 406423.
406423
List the prime factors of 633605.
5, 7, 43, 421
What are the prime factors of 2616506?
2, 101, 12953
What are the prime factors of 1466928?
2, 3, 61, 167
What are the prime factors of 2636952?
2, 3, 109873
List the prime factors of 957683.
31, 30893
List the prime factors of 2522169.
3, 13, 21557
What are the prime factors of 12781228?
2, 29, 110183
What are the prime factors of 347499?
3, 38611
What are the prime factors of 1873250?
2, 5, 59, 127
What are the prime factors of 22788782?
2, 31, 367561
List the prime factors of 5315216.
2, 332201
List the prime factors of 839492.
2, 29, 7237
What are the prime factors of 95341?
67, 1423
What are the prime factors of 6936383?
2341, 2963
List the prime factors of 25026337.
7, 107, 33413
List the prime factors of 1024237.
389, 2633
List the prime factors of 3171295.
5, 29, 21871
List the prime factors of 3110539.
59, 52721
List the prime factors of 456296.
2, 57037
What are the prime factors of 10924897?
17, 269, 2389
List the prime factors of 547153.
257, 2129
List the prime factors of 2143796.
2, 29, 18481
List the prime factors of 236250.
2, 3, 5, 7
What are the prime factors of 3566102?
2, 1783051
What are the prime factors of 302820?
2, 3, 5, 7, 103
List the prime factors of 1541543.
17, 90679
List the prime factors of 43324535.
5, 8664907
What are the prime factors of 7256?
2, 907
What are the prime factors of 159069?
3, 17, 3119
List the prime factors of 15903499.
89, 178691
What are the prime factors of 184298?
2, 43, 2143
List the prime factors of 313694.
2, 67, 2341
What are the prime factors of 344044?
2, 86011
What are the prime factors of 15294341?
15294341
What are the prime factors of 876852?
2, 3, 23, 353
What are the prime factors of 109051?
167, 653
List the prime factors of 6892098.
2, 3, 19, 60457
What are the prime factors of 847496?
2, 13, 29, 281
What are the prime factors of 1004429?
1004429
What are the prime factors of 4393752?
2, 3, 11, 17, 89
What are the prime factors of 4634602?
2, 7, 331043
List the prime factors of 14733488.
2, 7, 11, 11959
List the prime factors of 5498388.
2, 3, 7, 1039
What are the prime factors of 653378?
2, 11, 17, 1747
List the prime factors of 27812563.
457, 60859
List the prime factors of 460041.
3, 89, 1723
What are the prime factors of 1084656?
2, 3, 59, 383
List the prime factors of 3554112.
2, 3, 107, 173
List the prime factors of 135663.
3, 11, 4111
What are the prime factors of 128959?
128959
List the prime factors of 2141837.
47, 199, 229
What are the prime factors of 215637?
3, 71879
List the prime factors of 14074280.
2, 5, 11, 29, 1103
List the prime factors of 3416218.
2, 13, 17, 59, 131
What are the prime fac